3). Suppose 4*m - 5*m + 3 = r. What is the units digit of m?
3
Suppose 5*r - 14 = -69. Let b = r - -27. What is the tens digit of b?
1
Let b(n) = -n**2 - 5*n + 11. What is the units digit of b(-6)?
5
Let v = -8 - -3. Let t(a) = -a**2 + a + 1. Let w(j) = -j - 1. Let n(l) = v*w(l) - t(l). What is the units digit of n(-4)?
4
What is the tens digit of (360/(-32))/((-1)/4)?
4
What is the hundreds digit of (2/(-6))/((-5)/1515)?
1
Let b(h) = h**3 + 6*h**2 + 7*h + 2. Let s be b(-5). What is the tens digit of (13/4)/((-2)/s)?
1
Let j be (3/2)/(12/16). Let c be j/(-6) - (-102)/9. Suppose -2 + c = 3*t. What is the units digit of t?
3
Suppose -127 = 2*c - 329. What is the units digit of c?
1
Let g = -7 + 10. Suppose -h = -2 - g. Suppose -z - 4*z = -h. What is the units digit of z?
1
What is the tens digit of 1280/22 - (-14)/(-77)?
5
Let b be 20/(-8)*-2*1. Suppose 5*n - b = 5*a, 2*n = -4*a + 3*n + 2. What is the units digit of a?
1
Suppose 2*b = 3*h + 8, 10 = 2*b + 5*h + 2. Suppose 65 = v + b*v. What is the units digit of v?
3
Let c be (-9)/(-12) + (-2)/(-8). Let i be c - (-1 + 10/2). What is the units digit of (-52)/(-10) + i/15?
5
What is the tens digit of 4 - (-3 + -93)/2?
5
Let n(w) = 3*w + 2 + w - 3*w. What is the units digit of n(4)?
6
What is the hundreds digit of (126/(-5))/((-5)/25)?
1
Let m(y) be the second derivative of y**4/12 + y**3/6 - 2*y**2 - 5*y. What is the tens digit of m(-5)?
1
Let j(w) = -w**3 - 4*w**2 - 2. What is the tens digit of j(-5)?
2
Let o = 8 + 127. What is the hundreds digit of o?
1
Let v = 261 + -80. What is the units digit of v?
1
Suppose 5*j = 3*j - 2. What is the tens digit of (-3)/(j - (-4)/5)?
1
Suppose 4*x = 5*x - 4. Let o = x + -1. Suppose -30 = -o*a + 12. What is the units digit of a?
4
Suppose 8*f = 7*f + 95. What is the tens digit of f?
9
What is the units digit of (-2542)/(-10) - 8/40?
4
Suppose -910 = -7*k + 728. What is the units digit of k?
4
Let r = 20 - 28. Let u = 22 + r. What is the tens digit of u?
1
Suppose 0*o = o - 4*j - 233, 5*j - 197 = -o. What is the tens digit of o?
1
Let g(t) = t + 3. Let s be g(0). Suppose s*c - 9 = -h, c = 2*h - 0 + 3. What is the units digit of c?
3
What is the units digit of -4 + (-36)/(-8)*8?
2
Let m(q) be the second derivative of q**6/90 - q**5/60 + q**4/24 + q**3/3 - q. Let i(b) be the second derivative of m(b). What is the tens digit of i(2)?
1
Suppose -2*n - 4 = 0, n - 3 = -3*t - 5. Let i(o) = -o + 1. Let q be i(2). Let h = t - q. What is the units digit of h?
1
Let u(v) = -3*v + 6. Let o be u(5). Let z(a) = a**3 + 9*a**2 + 2*a + 9. Let c be z(o). Let n = 17 + c. What is the units digit of n?
8
Suppose 5*z - 52 = -a, -3*a + a + 27 = 3*z. What is the tens digit of z?
1
Let n(q) = 18*q + 16. What is the tens digit of n(4)?
8
Suppose 0 = -2*t + 8 - 2. Let v be 4/((-3)/t*-1). What is the units digit of 30/v - 7/(-14)?
8
Suppose 1 + 17 = 3*j - 3*k, -j = 5*k + 18. Let i = j + 0. What is the units digit of i?
2
Let b(l) = -l + 48. What is the tens digit of b(0)?
4
Let p be (-20)/6*42/(-28). Suppose 100 + 60 = p*t. What is the units digit of t?
2
Suppose 2*b + 9 = 3. Let m(c) = c**2 + c - 4. Let o be m(b). Let d = 9 + o. What is the tens digit of d?
1
Suppose 166 + 310 = 2*k - 2*b, 0 = -4*k + 5*b + 949. What is the units digit of k?
1
Suppose 5*v - 655 = -0*v. What is the hundreds digit of v?
1
Let u(z) = z**2 - z + 6. Let x be u(0). Suppose x*y = 3*y + 72. What is the tens digit of y?
2
Let i(j) = 14*j**3 + j**2 + j + 3. Let v be i(-3). What is the tens digit of 6/(-33) - v/33?
1
Suppose -2*l + 16 = -4. What is the tens digit of l?
1
Let h(r) = -r**2 - r + 8. Let l(w) = -w**2 - 2*w + 7. Let v be (3/(-2))/(15/40). Let n(c) = v*l(c) + 3*h(c). What is the units digit of n(-6)?
2
Let b(c) = -c**2 + 2*c + 373. What is the tens digit of b(0)?
7
Let j = -32 - -18. What is the tens digit of (j + 11)/((-6)/34)?
1
Let d(h) be the second derivative of -h**5/20 + h**4/2 - h**2 + h. What is the tens digit of d(5)?
2
Let a(f) = 2*f**2 + 4*f. Suppose -15 = 2*n + 3*n. What is the units digit of a(n)?
6
Suppose o + 5 = -w, -4*w + o - 14 = -o. Let n = 8 - w. What is the tens digit of n?
1
Let o = 4 + 18. What is the units digit of o?
2
Let s(q) = q + 5. Let h be s(-4). Suppose -c + 2 = h. What is the units digit of (15/3 - c) + 2?
6
Let s(j) = 2*j**2 + 14*j + 3. Let d be s(-6). Let v = -1 - d. What is the units digit of v?
8
Suppose -p - 4 = -1. Let a be (-2)/(-6) - 104/p. Suppose x - a = -4*x. What is the units digit of x?
7
Let o(b) = 20*b + 1. What is the units digit of o(1)?
1
Suppose 2*a = 3*u - 70, -3*a = u + 2*u - 45. What is the tens digit of u?
2
What is the units digit of (-23)/(-3) + (-10)/15?
7
Suppose -c + 6 = c. Suppose -8 = 5*h - 3*j - 21, -c*j = h - 17. What is the units digit of h?
5
Let x(w) = w**2 - 6*w + 1. Suppose 0 = -4*s - 0*s + 8, 26 = 4*k + s. What is the units digit of x(k)?
1
Suppose 0 = -5*d + 4*d + 2. Suppose 5*u = 4*h + 1, -3*h + d*u = -1 - 0. What is the units digit of h?
1
Let g(f) = 2*f + 1. What is the units digit of g(2)?
5
Let l(n) = 23*n**2 - n - 4. What is the units digit of l(2)?
6
Let i(x) be the first derivative of 3*x**2/2 + x + 4. Let p be i(1). Suppose 0*l + p = l. What is the units digit of l?
4
Let a(i) = 6*i**2 + 3*i. What is the units digit of a(-3)?
5
Let j(q) = q**3 - 23*q**2 - 16*q - 52. What is the units digit of j(24)?
0
Let i(y) = -y**2 - 6*y - 11. Let t be i(-5). What is the tens digit of (3/t)/((-1)/76)?
3
Let q(v) = -v**3 - 16*v**2 - 14*v + 24. What is the units digit of q(-15)?
9
Let s = -7 + 11. Let i(j) = 5*j. Let w be i(1). Suppose s = k - w. What is the units digit of k?
9
Suppose -2 = -t - 6. What is the units digit of (t/6)/((-2)/3)?
1
Suppose 0*k + 3*k - 46 = 2*c, -2*k + 3*c = -39. Suppose 0 = 4*h - 2*l + 30, -h + 4*l = -l + k. What is the units digit of (-4)/(-2) - (5 + h)?
4
Let q(a) = -a**2 - 3*a + 4. Let w be q(-4). What is the units digit of (-1)/(w + 1/(-6))?
6
Let n(p) = 3*p**3 - 5*p**2 + p + 1. What is the tens digit of n(3)?
4
Let p = 26 + -36. What is the tens digit of ((-8)/p)/((-12)/(-300))?
2
What is the tens digit of 534*3/(-6)*-1 + -4?
6
Suppose -5*p = 2*m - 71, p + 19 - 188 = -4*m. Let u = m - 30. What is the units digit of u?
3
Suppose 0 = -5*g + q + q + 192, 2*g = -q + 84. Suppose 0 = -2*p - 2*p + g. What is the tens digit of p?
1
Let l(z) = 4*z - 3. Let r(i) = 2*i - 9. Let k be r(8). What is the tens digit of l(k)?
2
Suppose 4*k - 96 = c + 87, 2*k - 3*c - 99 = 0. Let z = k - 21. Suppose -4*d + d + z = 3*l, -4*l + 5*d = -14. What is the units digit of l?
6
What is the tens digit of ((-1256)/(-18) - 4/(-18)) + -3?
6
Suppose 5*m + 9 = -11. Let o be (-18)/m - 3/6. Suppose 0 = -o*u + 2*a + 38, -a - 28 = -2*u + 3*a. What is the units digit of u?
8
Suppose 0 = 3*v + 5*d - d - 226, 0 = -3*v - 5*d + 227. What is the units digit of v?
4
What is the tens digit of 30/(-9)*504/(-40)?
4
Let d = 212 + -90. Suppose -102 = -4*m - 2*z, 2*m - d = -3*m + 3*z. What is the units digit of m?
5
Let u(g) = -g**2 + 8*g - 3. What is the units digit of u(7)?
4
Let y(w) = -w**3 - 6*w**2 + 6*w - 4. Suppose -4*t + 7*t = 0. Suppose -21 = 3*b - t*b. What is the units digit of y(b)?
3
Suppose 0 = 3*c - 18 - 33. Suppose 13*r + 24 = c*r. What is the units digit of r?
6
Suppose -k = -t + k + 4, 35 = 5*t + 5*k. Let x = 5 + 0. Suppose -x*s + 21 = t. What is the units digit of s?
3
Let n(s) = -s - 3. Suppose 16 = -4*c - 3*q, 0*q - 3*q + 8 = -2*c. What is the units digit of n(c)?
1
Let o = -101 + 108. What is the units digit of o?
7
Let j(u) = u**2 + 13*u + 14. Let d(x) = -4*x**2 + x + 2. Let g be d(2). Let y be j(g). Suppose -b = -y*b + 5, 0 = k - 4*b + 7. What is the units digit of k?
3
Let i = 0 - 0. Let f be (-1 - i)/(-1) + -1. Suppose f = 3*w - 6*w + 18. What is the units digit of w?
6
Suppose -3*b - 15 = 0, 0*w + 2*b + 82 = 2*w. What is the units digit of w?
6
Let w(b) be the first derivative of -7*b**2/2 - b - 3. Let i be w(-4). Let u = i + -19. What is the units digit of u?
8
Let h(t) = t**2 - 9*t - 8. Let u be h(9). Let g = u + 13. What is the units digit of g?
5
Let f(k) = k**3 + 7*k**2 + 6*k + 2. Let s be f(-6). Suppose s*q + 0*q = 26. What is the units digit of q?
3
Let c be 3/(-6)*6 - -3. Suppose -4*x + 24 = 2*a + 2*a, -3*a + 4*x - 10 = 